 m(r) = -1519*r**2 - 396*r + 1. Give m(0).
1
Let v(i) = 4*i**3 - 16*i**2 + 50*i + 315. Give v(12).
5523
Let a(o) = 172*o**2 - 1851*o - 404. What is a(11)?
47
Let x(t) = 3*t**3 + 271*t**2 + 95*t + 434. Give x(-90).
-16
Let q(a) = 18*a**3 + 228*a**2 + 17*a + 5. Calculate q(-3).
1520
Let r(i) = -10*i**3 - 66*i**2 - 43*i + 8. Give r(-6).
50
Let d(f) = -34*f**3 + 4*f**2 + 2808*f + 2807. What is d(-1)?
37
Let j(l) = 7711*l - 30843. What is j(4)?
1
Let w(x) = 7*x**3 - 598*x**2 - 568*x + 28. Determine w(-1).
-9
Let s(b) = -7178*b - 57541. Give s(-8).
-117
Let z(n) = 3*n**3 - 43*n**2 + 21*n + 10. Give z(14).
108
Let z(u) = -2133*u + 21532. Give z(10).
202
Let t(a) = -15*a**2 - 4*a + 20418. Calculate t(-37).
31
Let b(z) = -9*z**3 + 36*z**2 + 49*z - 58. What is b(-2)?
60
Let d(i) = 276*i**3 + 553*i**2 + 13*i + 4. Give d(-2).
-18
Let y(z) = -341*z - 1642. What is y(3)?
-2665
Let u(g) = 5*g**2 - 200*g - 5211. Calculate u(57).
-366
Let y(q) = 599*q**2 - 252*q + 2. Give y(1).
349
Let d(l) = l**3 - 13*l**2 - 215*l - 703. Give d(25).
1422
Let r(x) = -x**3 - 64*x**2 - 942*x + 131. Calculate r(-41).
90
Let t(g) = 6*g**2 - 839*g + 6363. Calculate t(8).
35
Let w(c) = 2*c**2 - 838*c + 5789. Give w(7).
21
Let o(p) = p**3 - 3591*p**2 + 10702*p + 181. What is o(3)?
-5
Let a(g) = -2025*g + 31440. Determine a(13).
5115
Let k(w) = -w**3 + 198*w**2 + 13699*w - 22926. Determine k(252).
6
Let p(z) = z**3 - 1767*z**2 - 16270*z + 507939. Give p(1776).
3
Let z(v) = -5*v**2 - 718*v + 48908. What is z(-194)?
20
Let k(b) = 214102*b - 2569294. Determine k(12).
-70
Let x(w) = 922*w - 2883. What is x(3)?
-117
Let w(u) = -u**2 - 880*u + 14369. Give w(16).
33
Let a(v) = v**3 - 8*v**2 + 205*v - 383. Give a(2).
3
Let a(t) = 926*t - 49093. Give a(53).
-15
Let p(j) = 82*j**3 - 2*j**2 - 17*j + 31. Calculate p(2).
645
Let t(h) = 478*h - 62633. Determine t(132).
463
Let b(a) = 2*a**3 - 765*a**2 - 124354*a - 121. Give b(-123).
2
Let z(q) = -947*q - 10182. Determine z(-11).
235
Let v(h) = 118*h**2 + 1881*h - 67. What is v(-16)?
45
Let x(c) = -3212*c + 366161. Give x(114).
-7
Let n(i) = -i**3 + 7*i**2 - 422*i - 4043. What is n(-8)?
293
Let l(d) = 2*d**2 + 471*d + 11997. Calculate l(-29).
20
Let r(j) = 104*j**2 + 1985*j + 142. Determine r(-19).
-29
Let j(p) = -p**3 + 925*p**2 + 35605*p - 10588. Calculate j(962).
-6
Let g(b) = 28*b**2 - 899*b - 1169. Determine g(34).
633
Let n(y) = y**3 - 971*y**2 - 1157*y + 1123458. What is n(971)?
11
Let q(n) = -n**3 - n**2 - 2481*n + 12555. Determine q(5).
0
Let y(t) = -4*t**3 + 27*t**2 - 39*t - 230. Calculate y(-6).
1840
Let g(s) = -1541*s + 1216. Calculate g(1).
-325
Let x(t) = -112*t**3 - 1474*t**2 - 231*t + 14. Give x(-13).
-25
Let l(g) = 2*g**3 + 45909*g**2 - 597152*g - 40. What is l(13)?
-1
Let a(f) = -2*f**3 + 47*f**2 + 31*f + 1088. What is a(23)?
2330
Let l(n) = 2*n**3 + 129*n**2 + 945*n + 56384. Give l(-64).
0
Let z(w) = 13*w**2 - 769*w + 11201. What is z(33)?
-19
Let a(i) = i**2 - 145*i + 4831. Calculate a(52).
-5
Let q(l) = -2*l**2 - 170*l + 2691. Determine q(-97).
363
Let p(x) = 4*x**3 + 48*x**2 - 79*x + 26. What is p(-14)?
-436
Let o(h) = 11095*h + 189009. Determine o(-17).
394
Let c(h) = h**3 + 45*h**2 - 210*h - 819. What is c(-49)?
-133
Let z(m) = -1538*m - 58594. What is z(-38)?
-150
Let b(m) = -2593*m + 12887. Give b(5).
-78
Let i(j) = -712820*j - 4989729. Give i(-7).
11
Let w(c) = 4*c**3 - 21*c**2 - 23*c + 1009. Determine w(9).
2017
Let z(o) = o**3 + 108*o**2 + 200*o - 788. What is z(-106)?
484
Let w(o) = o**3 - 247*o**2 + 121*o - 91526. Give w(248).
-14
Let u(i) = -2*i**3 - 146*i**2 - 1574*i - 144. Calculate u(-12).
1176
Let n(s) = -195*s**2 + 1900*s - 2729. Calculate n(8).
-9
Let x(h) = 1844*h + 286. Give x(1).
2130
Let x(m) = -6472*m**2 - 1976*m + 1975. Calculate x(1).
-6473
Let n(c) = 2*c**2 - 52*c + 41. Determine n(24).
-55
Let n(r) = 42*r - 1889. Determine n(45).
1
Let b(q) = -328*q + 37155. Give b(114).
-237
Let d(f) = 2499*f - 10794. Determine d(5).
1701
Let r(n) = 81*n + 3172. What is r(-43)?
-311
Let d(f) = 265*f**2 - 5534*f + 13756. Calculate d(18).
4
Let b(k) = 80665*k - 1855327. Determine b(23).
-32
Let l(g) = -g**3 + 71*g**2 + 374*g - 23296. Calculate l(71).
3258
Let y(r) = 42569*r - 297279. What is y(7)?
704
Let v(m) = -5945*m + 47559. Give v(8).
-1
Let f(h) = 7797*h + 288497. Calculate f(-37).
8
Let x(z) = z**3 + 259*z**2 + 2021*z + 2851. Give x(-251).
-412
Let t(z) = z**3 + 32*z**2 + 248*z - 53. Give t(-13).
-66
Let g(l) = 3*l**3 - 25*l**2 - 170*l - 111. What is g(13)?
45
Let o(j) = -65*j + 1113. Calculate o(12).
333
Let k(f) = f**3 + 186*f**2 + 5060*f + 1674. What is k(-153)?
-9
Let g(u) = -u**3 - 340*u**2 - 5357*u + 2285. Determine g(-17).
7
Let z(v) = 553*v + 10426. What is z(-20)?
-634
Let z(m) = -80433*m + 16327895. Determine z(203).
-4
Let v(b) = -4032*b - 762056. Give v(-189).
-8
Let r(a) = -a**3 - 95*a**2 - 693*a + 15. Determine r(-8).
-9
Let w(l) = 3*l**3 + 4*l**2 - 2743*l - 5486. Determine w(-2).
-8
Let z(x) = -460*x + 58094. Determine z(135).
-4006
Let h(a) = -3*a**3 - 1010*a**2 + 344*a + 2101. Calculate h(-337).
-258
Let o(x) = 20244*x + 63178. Determine o(-3).
2446
Let y(r) = -r**3 + 51*r**2 - 465*r - 3091. Calculate y(20).
9
Let n(u) = 2*u**2 + 188*u + 2227. Determine n(-13).
121
Let v(b) = 2*b**3 + 1093*b**2 - 16828*b - 261. Calculate v(15).
-6
Let l(q) = 7360*q - 1302685. Give l(177).
35
Let w(k) = -358*k**2 + 21481*k - 47. Give w(60).
13
Let i(j) = 2*j**3 - 273*j**2 - 691*j - 456. Give i(139).
100
Let p(f) = -f**3 - 111*f**2 - 2236*f - 7289. Determine p(-86).
107
Let c(g) = 2*g**3 + 70*g**2 - 1246*g + 114. Determine c(-48).
18
Let x(l) = -63*l - 426. What is x(-5)?
-111
Let q(p) = -p**3 - 10*p**2 + 380*p + 3399. Calculate q(-9).
-102
Let t(u) = 25432*u + 25432. Give t(-1).
0
Let z(k) = 298436*k + 1790637. What is z(-6)?
21
Let c(q) = -q**3 + 94*q**2 - 996*q - 3868. Calculate c(-3).
-7
Let s(l) = -573*l - 15938. Give s(-28).
106
Let z(s) = 824*s - 66. Give z(1).
758
Let s(u) = -2676060*u + 40140906. Give s(15).
6
Let p(g) = 8*g**2 + 6*g - 19665. Give p(-50).
35
Let t(b) = b**3 + 26*b**2 + 105*b - 20. What is t(-4)?
-88
Let b(k) = k**2 - 565*k - 17858. Calculate b(-30).
-8
Let z(i) = -334*i**2 - 291*i. Determine z(-1).
-43
Let u(i) = -3*i**3 + 40*i**2 - 86*i + 7. Calculate u(2).
-29
Let l(i) = -4*i**3 - 42*i**2 - 348*i - 3333. What is l(-10)?
-53
Let a(g) = 2789*g + 282147. Give a(-101).
458
Let l(o) = 10*o**3 - 524*o**2 - 1077*o - 8. Calculate l(-2).
-30
Let u(g) = 2*g**3 - 64*g**2 - 312*g + 11591. Calculate u(31).
-3
Let n(c) = 3*c**2 + 53*c - 7887. Give n(-61).
43
Let d(a) = -2*a**3 + 75*a**2 + 125*a + 112. Give d(39).
424
Let d(b) = -817*b + 207143. Determine d(253).
442
Let y(j) = 32734*j - 949314. Calculate y(29).
-28
Let x(l) = -838*l + 6694. What is x(8)?
-10
Let p(g) = -4*g**2 - 772*g - 2333. Give p(-3).
-53
Let p(x) = 192*x**2 - 141*x - 38. Calculate p(1).
13
Let k(n) = -5621*n + 73079. Determine k(13).
6
Let w(s) = -s**3 + 838*s**2 - 41626*s + 16481. What is w(785)?
-4
Let h(j) = 5*j - 136. Calculate h(-76).
-516
Let o(h) = 2*h**3 - 403*h**2 + 29*h - 46659. Calculate o(202).
3
Let i(t) = -5*t**3 - 56*t**2 - 221*t - 743. Calculate i(-7).
-225
Let h(o) = -2338*o**2 - 671006*o. Calculate h(-287).
0
Let h(t) = -29869*t - 298669. Give h(-10).
21
Let t(h) = h**3 + 7*h**2 + 118*h + 386. Give t(-6).
-286
Let d(l) = -2*l + 110. Calculate d(39).
32
Let o(l) = -2*l**3 + 8*l**2 + 35868*l - 143458. Give o(4).
14
Let l(p) = -p**3 + 44*p**2 - 358*p - 5. Calculate l(18).
1975
Let j(a) = -3526*a - 24858. Give j(-7).
-176
Let f(k) = -83*k**2 - 277*k - 1381. What is f(-5)?
-2071
Let t(v) = v**2 + 574*v - 373256. Give t(388).
0
Let g(n) = 2*n**2 + 657590*n - 3287979. Calculate g(5).
21
Let y(p) = -p**3 + 48*p**2 - 417*p - 541. Determine y(36).
-1
Let s(j) = 41477*j + 8170978. Calculate s(-197).
9
Let t(x) = -x**2 - 5148*x - 189097. Determine t(-37).
10
Let k(c) = c**3 + 691*c**2 + 17308*c + 11885. Determine k(-665).
-85
Let k(i) = 6*i**2 - 115*i + 41. Determine k(17).
-180
Let z(u) = u**2 + 116370*u + 3839120. Give z(-33).
-1
Let i(w) = 115*w + 3493. Calculate i(-31).
-72
Let w(v) = -102073*v + 816600. Calculate w(8).
16
Let d(w) = -3*w**2 + 232*w - 3907. Give d(21).
-358
Let s(u) = -372*u - 261. Calculate s(4).
-1